 remainder when 158 is divided by 111.
47
Calculate the remainder when 159 is divided by 78.
3
What is the remainder when 179 is divided by 6?
5
What is the remainder when 294 is divided by 6?
0
What is the remainder when 414 is divided by 22?
18
What is the remainder when 1078 is divided by 140?
98
Calculate the remainder when 2803 is divided by 122.
119
What is the remainder when 34 is divided by 6?
4
What is the remainder when 133 is divided by 47?
39
What is the remainder when 591 is divided by 178?
57
What is the remainder when 40 is divided by 22?
18
Calculate the remainder when 9999 is divided by 100.
99
Calculate the remainder when 9 is divided by 6.
3
Calculate the remainder when 658 is divided by 32.
18
What is the remainder when 100 is divided by 38?
24
What is the remainder when 693 is divided by 89?
70
What is the remainder when 131 is divided by 58?
15
Calculate the remainder when 237 is divided by 34.
33
What is the remainder when 1149 is divided by 55?
49
Calculate the remainder when 254 is divided by 37.
32
Calculate the remainder when 1402 is divided by 186.
100
What is the remainder when 181 is divided by 8?
5
Calculate the remainder when 297 is divided by 176.
121
What is the remainder when 264 is divided by 133?
131
What is the remainder when 61 is divided by 5?
1
What is the remainder when 5777 is divided by 34?
31
Calculate the remainder when 137 is divided by 20.
17
What is the remainder when 1017 is divided by 17?
14
What is the remainder when 142 is divided by 74?
68
What is the remainder when 14 is divided by 6?
2
What is the remainder when 766 is divided by 362?
42
Calculate the remainder when 316 is divided by 101.
13
What is the remainder when 78 is divided by 36?
6
Calculate the remainder when 120 is divided by 76.
44
Calculate the remainder when 181 is divided by 77.
27
Calculate the remainder when 14590 is divided by 38.
36
What is the remainder when 504 is divided by 45?
9
Calculate the remainder when 2035 is divided by 46.
11
What is the remainder when 127 is divided by 27?
19
What is the remainder when 8355 is divided by 137?
135
Calculate the remainder when 352 is divided by 109.
25
Calculate the remainder when 273 is divided by 80.
33
Calculate the remainder when 2036 is divided by 34.
30
Calculate the remainder when 259 is divided by 19.
12
What is the remainder when 46 is divided by 13?
7
Calculate the remainder when 295 is divided by 144.
7
Calculate the remainder when 5806 is divided by 242.
240
What is the remainder when 521 is divided by 48?
41
What is the remainder when 6887 is divided by 3436?
15
Calculate the remainder when 1329 is divided by 222.
219
Calculate the remainder when 2868 is divided by 82.
80
Calculate the remainder when 693 is divided by 24.
21
Calculate the remainder when 1591 is divided by 4.
3
Calculate the remainder when 386 is divided by 17.
12
Calculate the remainder when 3057 is divided by 133.
131
Calculate the remainder when 833 is divided by 24.
17
What is the remainder when 2826 is divided by 66?
54
What is the remainder when 613 is divided by 77?
74
Calculate the remainder when 919 is divided by 46.
45
What is the remainder when 353 is divided by 28?
17
What is the remainder when 686 is divided by 90?
56
Calculate the remainder when 75 is divided by 18.
3
Calculate the remainder when 31 is divided by 20.
11
Calculate the remainder when 190 is divided by 13.
8
What is the remainder when 685 is divided by 20?
5
What is the remainder when 1263 is divided by 9?
3
What is the remainder when 59 is divided by 6?
5
What is the remainder when 62 is divided by 22?
18
What is the remainder when 76 is divided by 10?
6
What is the remainder when 54 is divided by 19?
16
What is the remainder when 22 is divided by 21?
1
What is the remainder when 2591 is divided by 27?
26
Calculate the remainder when 199 is divided by 103.
96
What is the remainder when 456 is divided by 74?
12
What is the remainder when 165 is divided by 24?
21
What is the remainder when 1439 is divided by 9?
8
Calculate the remainder when 2473 is divided by 225.
223
What is the remainder when 1271 is divided by 19?
17
Calculate the remainder when 274 is divided by 55.
54
Calculate the remainder when 58 is divided by 26.
6
Calculate the remainder when 159 is divided by 54.
51
What is the remainder when 804 is divided by 31?
29
What is the remainder when 139 is divided by 89?
50
What is the remainder when 182 is divided by 54?
20
Calculate the remainder when 2783 is divided by 22.
11
Calculate the remainder when 174 is divided by 58.
0
What is the remainder when 346 is divided by 39?
34
What is the remainder when 22 is divided by 12?
10
Calculate the remainder when 315 is divided by 23.
16
What is the remainder when 5831 is divided by 50?
31
Calculate the remainder when 881 is divided by 26.
23
What is the remainder when 86 is divided by 26?
8
Calculate the remainder when 1530 is divided by 48.
42
Calculate the remainder when 16 is divided by 11.
5
What is the remainder when 591 is divided by 85?
81
What is the remainder when 366 is divided by 94?
84
Calculate the remainder when 2723 is divided by 14.
7
What is the remainder when 3477 is divided by 71?
69
Calculate the remainder when 231 is divided by 27.
15
Calculate the remainder when 467 is divided by 26.
25
Calculate the remainder when 2412 is divided by 34.
32
Calculate the remainder when 2338 is divided by 8.
2
What is the remainder when 123 is divided by 50?
23
What is the remainder when 152 is divided by 38?
0
What is the remainder when 207 is divided by 82?
43
Calculate the remainder when 344 is divided by 15.
14
What is the remainder when 95 is divided by 29?
8
What is the remainder when 226 is divided by 59?
49
What is the remainder when 875 is divided by 314?
247
Calculate the remainder when 11145 is divided by 164.
157
Calculate the remainder when 5606 is divided by 55.
51
What is the remainder when 66 is divided by 34?
32
What is the remainder when 119 is divided by 20?
19
Calculate the remainder when 51 is divided by 18.
15
What is the remainder when 308 is divided by 24?
20
Calculate the remainder when 977 is divided by 970.
7
What is the remainder when 135 is divided by 25?
10
What is the remainder when 812 is divided by 68?
64
Calculate the remainder when 287 is divided by 75.
62
What is the remainder when 6601 is divided by 18?
13
What is the remainder when 153 is divided by 20?
13
What is the remainder when 116 is divided by 51?
14
Calculate the remainder when 649 is divided by 30.
19
What is the remainder when 667 is divided by 167?
166
Calculate the remainder when 18986 is divided by 202.
200
What is the remainder when 862 is divided by 16?
14
Calculate the remainder when 1200 is divided by 229.
55
What is the remainder when 177 is divided by 46?
39
What is the remainder when 21 is divided by 13?
8
Calculate the remainder when 1481 is divided by 137.
111
Calculate the remainder when 224 is divided by 45.
44
Calculate the remainder when 824 is divided by 92.
88
What is the remainder when 74 is divided by 19?
17
What is the remainder when 2417 is divided by 9?
5
Calculate the remainder when 35 is divided by 3.
2
What is the remainder when 105 is divided by 80?
25
What is the remainder when 365 is divided by 42?
29
Calculate the remainder when 202 is divided by 17.
15
What is the remainder when 563 is divided by 290?
273
Calculate the remainder when 183 is divided by 37.
35
Calculate the remainder when 4618 is divided by 21.
19
What is the remainder when 84 is divided by 9?
3
Calculate the remainder when 383 is divided by 35.
33
What is the remainder when 318 is divided by 13?
6
What is the remainder when 10954 is divided by 249?
247
What is the remainder when 38 is divided by 4?
2
What is the remainder when 33 is divided by 10?
3
What is the remainder when 14876 is divided by 7432?
12
What is the remainder when 304 is divided by 100?
4
Calculate the remainder when 10221 is divided by 24.
21
Calculate the remainder when 1245 is divided by 371.
132
Calculate the remainder when 135 is divided by 17.
16
Calculate the remainder when 44 is divided by 8.
4
What is the remainder when 22900 is divided by 3?
1
Calculate the remainder when 340 is divided by